ulate the greatest common divisor of r and 15.
15
Suppose 0 = -3*j + 24 - 0. Let i be (-32)/(1 + 3/(-2)). Calculate the greatest common factor of j and i.
8
Let t(a) = -a**3 + 6*a**2 - 5*a - 6. Let n be t(5). Let l be (32/n)/((-30)/765). What is the greatest common factor of 17 and l?
17
Let q = 25 - 23. Let k(u) = 8*u - 2. Let a be k(q). What is the highest common divisor of a and 35?
7
Suppose -7 = 2*g - 2*a - 41, -117 = -5*g - 3*a. Suppose -109 = -4*f - 5*h, -2*f - 20 = h - 67. What is the highest common divisor of g and f?
21
Let f(h) = -2*h**2 + 9*h + 1. Let t be f(4). Let a be ((-14)/t)/(20/(-50)). What is the greatest common factor of a and 7?
7
Suppose 2*q = -0*q + 8. Let n = -20 - -24. Let f be n*(0 + q + -2). What is the greatest common factor of f and 88?
8
Let m(r) = r**2 + 7*r + 6. Let g be m(-6). Let h = 1 - g. Suppose -x - 3*x - 28 = -3*k, 0 = 2*k - 2*x - 18. Calculate the greatest common divisor of k and h.
1
Let r(f) = 42*f - 292. Let k be r(7). Let x = -1 + 5. Let a be -3 + (k + x)*9. Calculate the greatest common factor of a and 17.
17
Let o be (-91)/(-13) + -1*3. Suppose t = -o + 64. Suppose -j = j - t. What is the highest common divisor of j and 120?
30
Let j(w) = -34*w**3 + w**2 + 35*w + 61. Let i be j(-2). Calculate the highest common divisor of 3 and i.
3
Let r be 6 + (69/(-9))/((-1)/99). What is the highest common factor of 34 and r?
17
Let z = -191 - -527. What is the highest common factor of z and 96?
48
Let o = 285 - 181. Suppose -2 = -f + 2. Suppose -y + f = -9. What is the greatest common factor of y and o?
13
Let l be -58*((-1)/(-6) + 14/(-12)). Calculate the greatest common factor of l and 1276.
58
Let f = -15 - -17. Let o be (4/f)/((-16)/(-24)). Suppose -o*l - 2*j + 24 = 0, 2*l - 2*j = -0*j + 26. Calculate the highest common divisor of l and 30.
10
Let s be -6 + 544/(-80)*30/(-4). What is the highest common factor of s and 72?
9
Suppose 8*d - 175 = -71. Calculate the greatest common divisor of d and 3.
1
Suppose 0 = 6*i + 68 - 368. Let f(z) = 4*z - 2. Let w be f(3). What is the greatest common factor of w and i?
10
Let k(m) = 34*m + 483. Let y be k(-14). Let o be -2 + (62 - 2) - 2. Calculate the greatest common divisor of y and o.
7
Suppose -5*m = 1 - 21. Suppose -3*i + m*p = -i - 42, 2*i - 32 = 2*p. Calculate the greatest common divisor of 33 and i.
11
Suppose 0 = 12*f - 1391 - 2173. What is the highest common factor of f and 108?
27
Let k be (1100/(-3))/5*-3. Let t(v) = 3*v**2 + 4*v. Let s be t(2). Calculate the greatest common factor of s and k.
20
Let d = 10 - -151. What is the highest common divisor of 28 and d?
7
Let v = 29 - 23. Suppose -7*i + 14*i - 336 = 0. Calculate the highest common factor of i and v.
6
Let o = -53 + 35. Let g = o + 31. Let n(v) = v**2 + 2*v - 22. Let m be n(5). What is the greatest common divisor of m and g?
13
Let b = 5 - -6. Let n = b + -7. Suppose n*q = -4*s + 188, -2 = 5*q - 17. Calculate the highest common factor of s and 11.
11
Let t = 106 + -174. Suppose m - 21 = 5*r - 0*r, -2*m - r - 13 = 0. Let s be (0 + t/m)*1. Calculate the highest common divisor of s and 68.
17
Let u(r) = -r**3 + 8*r**2 - 6*r - 8. Let c be u(6). Suppose 3*q + 4*m = 9*m + 39, -4*q - m + 29 = 0. What is the highest common factor of c and q?
4
Let b be 4/14 + 76*(-2)/(-56). Suppose -u - b*n + 17 = 0, -2*u + u + 2*n + 7 = 0. Calculate the greatest common factor of 22 and u.
11
Suppose 101 = 2*a + 3*q - 8*q, 0 = 4*q + 4. Suppose 1263 = 26*m - 3495. Let t = m - 177. Calculate the highest common divisor of t and a.
6
Let w(q) = 11*q**2 + 3*q + 4. Let z be w(-2). Suppose 9*a + 120 = 12*a. Let f = a - 26. What is the greatest common factor of z and f?
14
Let h(a) = -a**2 + 7*a - 6. Let p be h(3). Let n be 4/p*(-468)/(-24). Let t(q) = -14*q - 5. Let o be t(-5). Calculate the highest common factor of o and n.
13
Suppose 7*x - 870 + 58 = 0. Calculate the greatest common factor of x and 29.
29
Let x = 63 - 107. Let l = -34 - x. Suppose -32 - 88 = -3*i. Calculate the greatest common divisor of l and i.
10
Let y(h) = 3*h + 19. Let z be y(7). Let c = z + 15. Calculate the highest common divisor of c and 5.
5
Let n(p) = -p**2 - 10*p + 13. Let d be n(-10). Let z = -7 + d. What is the highest common factor of z and 2?
2
Suppose -3*f - 62 = -l - 221, 0 = -4*f - 3*l + 199. What is the greatest common factor of f and 286?
26
Suppose 9*d - 7 = 16*d. Let o(i) = 84*i**2 - i - 1. Let t be o(d). What is the greatest common divisor of 12 and t?
12
Let q be 287/4 + 2/8. Let z(l) = l**2 + 13*l + 39. Let j be z(-10). What is the greatest common factor of q and j?
9
Let p(u) = -u**3 + 5*u**2 + 5*u - 1. Let n be p(5). Let o = n + 18. What is the greatest common divisor of o and 70?
14
Let q = 745 + -723. What is the highest common divisor of q and 286?
22
Let i = 834 - 338. Calculate the greatest common divisor of 16 and i.
16
Let f(w) = 5*w + 19. Let k be f(-2). Let a = 23 + 13. What is the greatest common divisor of a and k?
9
Let t = 248 - 164. Let k = -117 - -145. What is the highest common divisor of k and t?
28
Let b(m) = -m**3 - 14*m**2 + 3*m + 40. Let p be b(-14). Let w be -4 + 3 + (-268)/p. Calculate the highest common divisor of w and 19.
19
Let g(b) = 3*b - 16. Let p be g(9). Let k(o) = o**2 - 6*o - 21. Let q be k(p). Let l be (-17)/((2 - -1)/(-3)). Calculate the greatest common divisor of q and l.
17
Let h be 2/(2/(-33)*-1). Let r(a) = 4*a**2 - 6*a + 2. Let v be r(-5). What is the highest common divisor of v and h?
33
Let c(n) = -n**2 - 10*n - 8. Let r be c(-4). What is the greatest common factor of 192 and r?
16
Let k = 1 - 1. Let n(m) = m + 65. Let g be n(k). Suppose 68*d - 355 - 301 = 228. Calculate the greatest common factor of d and g.
13
Let b(d) = d**2 + 33*d - 189. Let p be b(12). What is the highest common factor of p and 78?
39
Let n(w) = -6*w**2 + 27*w + 1. Let c be n(3). Let i = 58 + -37. What is the highest common divisor of i and c?
7
Let g be (-20)/(-25)*20/8. Suppose -2*z - 71 - 92 = -5*a, 46 = g*a + 4*z. Let v = -26 + a. What is the greatest common divisor of v and 1?
1
Let t(m) = -m**2 + 20*m + 28. Let f be 23 - (-1 + (12/4 - -1)). Let c be t(f). Calculate the greatest common factor of c and 35.
7
Suppose 3*c + 0*c - 63 = 0. Suppose -18 = -5*q + 3*o, -2*q - 5*o + 10*o = -11. Let r be (q/(-2))/((-6)/504). What is the highest common factor of c and r?
21
Let j be 170 + (-10)/(-2 + 0). Let u = 43 - 18. Calculate the greatest common divisor of u and j.
25
Suppose 4*a = 49*b - 44*b + 135, -4*a - b = -117. What is the highest common divisor of 2055 and a?
15
Let t = -70 - -138. Let a = 49 - 32. What is the highest common factor of a and t?
17
Let n be ((-297)/63 - -5)*5*35. Let g be 1/4 - (-75)/4. Let l = 39 - g. What is the highest common factor of n and l?
10
Suppose 5*a - y = 75, 2*a + 3*y = 23 + 24. Let m = 4 + a. Let c = m + -17. Calculate the highest common divisor of 3 and c.
3
Let y be 1/(2*3/(-24)). Let g(w) = -33*w. Let b be g(y). What is the greatest common factor of 12 and b?
12
Suppose 286*q = 287*q - 80. Let v = 52 - 20. What is the highest common factor of v and q?
16
Let z(s) = -s**3 - 13*s**2 - 3*s - 31. Let k be z(-13). Calculate the highest common divisor of 46 and k.
2
Let j(r) be the second derivative of 5*r**4/4 + r**3/6 + r**2 + 23*r. Let y be j(-1). What is the greatest common divisor of 12 and y?
4
Let r = -1 - -6. Suppose 3*d + r*k - 54 = 0, k = -k + 6. What is the highest common divisor of 78 and d?
13
Let t(f) = -35*f + 55. Let h be t(-5). Calculate the highest common divisor of 184 and h.
46
Suppose 4*x + 3*t - 200 = 1, 0 = -5*x - 3*t + 255. Calculate the greatest common divisor of 459 and x.
27
Suppose -43 - 12 = -5*j. Let v be 49 - 12/(96/40). What is the highest common divisor of v and j?
11
Suppose 27*r - 267 = 543. What is the greatest common divisor of 174 and r?
6
Let i = 78 + -34. Suppose b - i = -3*p - 6, 35 = 3*p + 4*b. Calculate the greatest common factor of 39 and p.
13
Let b = -3 + 12. Suppose -151 = -11*u - 52. Calculate the highest common divisor of u and b.
9
Let w = -305 - -327. Calculate the highest common divisor of 187 and w.
11
Suppose 2*g + 4*i + 4 = -i, 3*g + i = 7. Calculate the greatest common divisor of g and 21.
3
Let i = 243 + -233. What is the highes